er when 134 is divided by 35.
29
Calculate the remainder when 56 is divided by 22.
12
What is the remainder when 169 is divided by 167?
2
Calculate the remainder when 194 is divided by 5.
4
Calculate the remainder when 162 is divided by 54.
0
Calculate the remainder when 1370 is divided by 41.
17
What is the remainder when 492 is divided by 165?
162
Calculate the remainder when 13727 is divided by 96.
95
What is the remainder when 2460 is divided by 29?
24
What is the remainder when 13030 is divided by 157?
156
Calculate the remainder when 4279 is divided by 214.
213
Calculate the remainder when 130 is divided by 8.
2
What is the remainder when 48 is divided by 16?
0
What is the remainder when 6011 is divided by 62?
59
Calculate the remainder when 618 is divided by 30.
18
Calculate the remainder when 299 is divided by 25.
24
Calculate the remainder when 111 is divided by 54.
3
Calculate the remainder when 4232 is divided by 23.
0
Calculate the remainder when 1101 is divided by 173.
63
Calculate the remainder when 528 is divided by 87.
6
What is the remainder when 67977 is divided by 55?
52
Calculate the remainder when 144 is divided by 21.
18
What is the remainder when 867 is divided by 178?
155
Calculate the remainder when 25 is divided by 9.
7
What is the remainder when 320 is divided by 17?
14
What is the remainder when 116 is divided by 33?
17
Calculate the remainder when 490 is divided by 61.
2
What is the remainder when 242 is divided by 61?
59
Calculate the remainder when 107 is divided by 4.
3
What is the remainder when 961 is divided by 107?
105
What is the remainder when 805 is divided by 404?
401
Calculate the remainder when 412 is divided by 23.
21
What is the remainder when 48 is divided by 26?
22
What is the remainder when 446 is divided by 134?
44
Calculate the remainder when 12553 is divided by 43.
40
What is the remainder when 399 is divided by 58?
51
What is the remainder when 584 is divided by 31?
26
What is the remainder when 5319 is divided by 133?
132
Calculate the remainder when 330 is divided by 170.
160
What is the remainder when 504 is divided by 256?
248
Calculate the remainder when 3495 is divided by 103.
96
What is the remainder when 1263 is divided by 58?
45
Calculate the remainder when 414 is divided by 83.
82
Calculate the remainder when 328 is divided by 21.
13
Calculate the remainder when 228 is divided by 102.
24
What is the remainder when 3905 is divided by 1300?
5
What is the remainder when 24 is divided by 18?
6
What is the remainder when 116 is divided by 18?
8
What is the remainder when 1709 is divided by 16?
13
Calculate the remainder when 5317 is divided by 70.
67
Calculate the remainder when 181 is divided by 103.
78
Calculate the remainder when 583 is divided by 302.
281
What is the remainder when 752 is divided by 63?
59
Calculate the remainder when 442 is divided by 241.
201
What is the remainder when 239 is divided by 60?
59
What is the remainder when 292 is divided by 7?
5
What is the remainder when 224 is divided by 62?
38
Calculate the remainder when 285 is divided by 100.
85
Calculate the remainder when 4973 is divided by 249.
242
Calculate the remainder when 153 is divided by 52.
49
What is the remainder when 252 is divided by 43?
37
What is the remainder when 854 is divided by 215?
209
What is the remainder when 315 is divided by 6?
3
What is the remainder when 215 is divided by 29?
12
What is the remainder when 1189 is divided by 46?
39
Calculate the remainder when 1084 is divided by 35.
34
What is the remainder when 339 is divided by 70?
59
What is the remainder when 57 is divided by 13?
5
Calculate the remainder when 6321 is divided by 109.
108
Calculate the remainder when 247 is divided by 21.
16
Calculate the remainder when 122 is divided by 22.
12
Calculate the remainder when 818 is divided by 36.
26
What is the remainder when 14184 is divided by 41?
39
What is the remainder when 1716 is divided by 2?
0
Calculate the remainder when 30 is divided by 21.
9
Calculate the remainder when 1112 is divided by 58.
10
Calculate the remainder when 95 is divided by 17.
10
What is the remainder when 51 is divided by 23?
5
Calculate the remainder when 79 is divided by 19.
3
What is the remainder when 2722 is divided by 109?
106
Calculate the remainder when 4568 is divided by 10.
8
Calculate the remainder when 206 is divided by 35.
31
What is the remainder when 1286 is divided by 11?
10
What is the remainder when 304 is divided by 86?
46
Calculate the remainder when 252 is divided by 8.
4
What is the remainder when 1128 is divided by 13?
10
Calculate the remainder when 14 is divided by 6.
2
Calculate the remainder when 770 is divided by 153.
5
What is the remainder when 3104 is divided by 620?
4
What is the remainder when 49 is divided by 17?
15
What is the remainder when 79 is divided by 30?
19
Calculate the remainder when 102 is divided by 21.
18
Calculate the remainder when 97 is divided by 21.
13
Calculate the remainder when 1606 is divided by 84.
10
Calculate the remainder when 200 is divided by 29.
26
What is the remainder when 214 is divided by 9?
7
Calculate the remainder when 533 is divided by 79.
59
What is the remainder when 859 is divided by 284?
7
Calculate the remainder when 150 is divided by 51.
48
Calculate the remainder when 170 is divided by 89.
81
What is the remainder when 656 is divided by 60?
56
Calculate the remainder when 74 is divided by 69.
5
What is the remainder when 442 is divided by 64?
58
What is the remainder when 23397 is divided by 5?
2
Calculate the remainder when 286 is divided by 73.
67
What is the remainder when 174 is divided by 16?
14
Calculate the remainder when 753 is divided by 151.
149
What is the remainder when 760 is divided by 753?
7
Calculate the remainder when 27224 is divided by 74.
66
Calculate the remainder when 838 is divided by 42.
40
What is the remainder when 151 is divided by 35?
11
Calculate the remainder when 301 is divided by 136.
29
What is the remainder when 179 is divided by 60?
59
Calculate the remainder when 105 is divided by 24.
9
Calculate the remainder when 4643 is divided by 129.
128
What is the remainder when 6022 is divided by 46?
42
What is the remainder when 339 is divided by 115?
109
What is the remainder when 570 is divided by 13?
11
What is the remainder when 128 is divided by 68?
60
Calculate the remainder when 68 is divided by 43.
25
What is the remainder when 2737 is divided by 83?
81
Calculate the remainder when 292 is divided by 81.
49
What is the remainder when 6 is divided by 2?
0
What is the remainder when 3645 is divided by 18?
9
What is the remainder when 73 is divided by 13?
8
Calculate the remainder when 728 is divided by 14.
0
Calculate the remainder when 140 is divided by 25.
15
What is the remainder when 132 is divided by 58?
16
Calculate the remainder when 1160 is divided by 56.
40
Calculate the remainder when 17 is divided by 4.
1
Calculate the remainder when 380 is divided by 243.
137
What is the remainder when 353 is divided by 181?
172
What is the remainder when 641 is divided by 14?
11
Calculate the remainder when 59 is divided by 52.
7
Calculate the remainder when 122 is divided by 45.
32
What is the remainder when 1161 is divided by 7?
6
What is the remainder when 3964 is divided by 147?
142
Calculate the remainder when 59 is divided by 24.
11
What is the remainder when 167 is divided by 54?
5
Calculate the remainder when 274 is divided by 47.
39
What is the remainder when 2723 is divided by 17?
3
Calculate the remainder when 4547 is divided by 57.
44
Calculate the remainder when 685 is divided by 309.
67
Calculate the remainder when 1022 is divided by 205.
202
What is the remainder when 361 is divided by 243?
118
What is the remainder when 646 is divided by 31?
26
Calculate the remainder when 1325 is divided by 265.
0
Calculate the remainder when 1730 is divided by 17.
13
What is the remainder when 1418 is divided by 71?
69
Calculate the remainder when 390 is divided by 361.
29
Calculate the remainder when 1722 is divided by 214.
10
Calculate the remainder when 637 is divided by 315.
7
Calculate the remainder when 431 is divided by 137.
20
What is the remainder when 21324 is divided by 248?
244
Wh